*2 - 7*g - 6. Let p be h(-1). Suppose -4*c = -897 - p. What are the prime factors of c?
2, 601
Let i = 47242 - 30864. List the prime factors of i.
2, 19, 431
Suppose -3*x - 2 = -2*d - 8, -4*d + x + 8 = 0. Let g be -72*(-8 - (2 + -4)). Suppose -d*r + q + g = -q, -q = 5*r - 720. List the prime factors of r.
2, 3
Let t(o) = -o**3 + 10*o**2 - 12*o - 12. Let x(z) = 66*z - 10. Let m be x(2). Suppose -10 + m = 14*g. List the prime factors of t(g).
2, 5
Suppose 4*a + 0*a = -2*u + 3410, -4*u + 6820 = -a. Suppose 4*o + 3*k = 650 + u, -1155 = -2*o + 3*k. What are the prime factors of o?
3, 5, 13
Suppose -4*b + 2*t = -b - 8, b - 26 = -4*t. Let d(a) = -a + 10. Let u be d(b). Suppose -4*z = -5*i - 268, u*i = -z + 111 - 23. What are the prime factors of z?
2, 3
Let u(w) = w + 17. Let b be u(-7). List the prime factors of 32*b - (-5)/(-15)*3.
11, 29
Suppose -35117*x = -35093*x - 410112. What are the prime factors of x?
2, 3, 89
Suppose 5*v + 4*a - 78159 = 0, -268*v - 2*a + 46893 = -265*v. What are the prime factors of v?
3, 5209
Let m(r) = 30*r - 9. Suppose 3 + 7 = 2*q. Let b be m(q). Suppose -b = 75*z - 78*z. List the prime factors of z.
47
Let q = -1431 - -987. List the prime factors of 8/12*-13*q/8.
13, 37
Let g = 3452 + -1862. Suppose -17*r = -22*r + g. List the prime factors of r.
2, 3, 53
Let w be (-96)/9*456/16. Suppose -u + 1025 = -4*r + 305, r = -3*u - 180. Let a = r - w. List the prime factors of a.
2, 31
Let b = -8 - -25. Suppose 7*y + 1940 = b*y. List the prime factors of y.
2, 97
Suppose b + 3*c = -2, 5*b + 5*c - 5 - 5 = 0. Suppose 0 = -k - s + b, k = 2*s + 3*s + 4. Let y(h) = 7*h**2 - 5*h - 4. What are the prime factors of y(k)?
2, 11
Suppose 17*i - 30 = 11*i. Suppose 0 = -i*s - 3*a + 3693, -806 = -s - a - 69. What are the prime factors of s?
3, 13, 19
Suppose -4*z - 3*w + 253 = 0, -4*w + 45 = z - 15. Let o = z + -7. What are the prime factors of o?
3, 19
Let g be 2/(-5) + 11*4/10. Suppose -2*q + 117 = -g*o + 21, 2*o = 3*q - 40. What are the prime factors of (1/2*o)/(1 - 2)?
13
Let r(v) = -1197*v**3 - 6*v**2 + 8*v + 42. List the prime factors of r(-3).
3, 17, 211
Let m(d) = 64*d**2 + d + 1. Let l be m(-1). Suppose -2*k + 76 = -15*b + 17*b, 5*k + 4*b - 194 = 0. Suppose -l = k*o - 46*o. List the prime factors of o.
2
Let q = -200 - -203. Suppose q*x - 1517 = -2*x + 4*z, -z = 3*x - 917. What are the prime factors of x?
5, 61
Let l(q) = -15 + 0 + 0 - 15*q + q**3 + 11*q**2. Let m be l(-11). Suppose 0 = 8*k - 5*k - m. List the prime factors of k.
2, 5
Let n = 744 - -9744. What are the prime factors of n?
2, 3, 19, 23
Let d(h) = -2*h**3 - 17*h**2 - 6*h - 8. Let u be d(-12). Suppose 13*v + u = 17*v. Suppose 0 = 5*f - v - 197. List the prime factors of f.
3, 31
Suppose -5*d = -10 - 5. Suppose 2*n + 5*t - 845 = 0, -d*n - 2*t - 1239 = -6*n. Suppose 0 = -8*h - 47 + n. What are the prime factors of h?
2, 23
Let a = -18 + 30. Suppose -14*p + 1265 = 383. What are the prime factors of 4320/p - a/21?
2, 17
Let k = -180 - -188. Let l be 3*2*2/4. Suppose k + 7 = l*u. What are the prime factors of u?
5
Let k(j) be the third derivative of 19*j**4/12 - 11*j**3/2 + 86*j**2. List the prime factors of k(6).
3, 5, 13
Let v = -43 + 19. Let t = v - -45. What are the prime factors of 572/10 - t/105?
3, 19
Let p = -268 + 276. What are the prime factors of 12/p + 2 + 7335/10?
11, 67
Let l be (25 - -279)/((-1)/(2 - 1)). Let u = l + 707. What are the prime factors of u?
13, 31
Let n(z) = -z**2 - 23*z - 27. Let y be n(-13). Suppose y*c - 96*c = 7742. What are the prime factors of c?
2, 7, 79
Let s(k) = 147*k**2 + 4*k + 4. Let u be s(5). Suppose t + 2579 = 2*r, 3*r = 4*t + u + 167. List the prime factors of r.
2, 3, 5, 43
Let t(m) = -m**3 - 10*m**2 - 18*m + 4. Let q be t(-8). Suppose 10216 = q*w - 1204. What are the prime factors of w?
571
Let z(j) = 4*j**2 + 5*j - 34. Suppose 4*y + 8*y + 144 = 0. What are the prime factors of z(y)?
2, 241
Let l(d) = d - 11. Let i be l(11). Suppose i = n - 6*n + 175. Suppose -19*w - n = -20*w. List the prime factors of w.
5, 7
Let x be 5*(5 + (-706)/10). Let c = 473 + x. List the prime factors of c.
5, 29
Let m = 125964 + -290428. What are the prime factors of (-4)/(-18) + m/(-171)?
2, 13, 37
Let w be (263*1)/(68/(-204)). Let f = -248 - w. List the prime factors of f.
541
Let q(g) = -g**2 - 3*g + 4. Let p be q(1). Suppose p = -9*u + 13*u - 1992. What are the prime factors of u?
2, 3, 83
Suppose -q + 11 = i, -3*q = -q + i - 20. Suppose -5*p - 7*u + 1563 = -q*u, -3*u = 12. What are the prime factors of p?
311
Let t(d) = 2*d**3 + d**2 - 5*d - 4. Let q be t(3). Let h = q + -54. List the prime factors of h/35 + (2208/21)/4.
2, 13
Let i = 41 - 89. Let p = -44 - i. Suppose -c - 4*u + u = -46, -p*c + 2*u + 114 = 0. What are the prime factors of c?
31
Let m be ((-2)/(-3))/((-24)/(-108)). Suppose m = -x + 5*o, -x + 1 = 3*o - 4*o. Suppose 0 = t - 3*k - 146, x*t + 0*k - 267 = k. List the prime factors of t.
131
Suppose 1751*k - 261240 = 1736*k. List the prime factors of k.
2, 7, 311
Let v = -145 + 146. What are the prime factors of (26/(-4))/(v/(-22))?
11, 13
Suppose -4*h + 5*b - 735 = -2661, 3*h - 5*b - 1447 = 0. Let g = h - -62. List the prime factors of g.
541
Let r = -265 + 263. What are the prime factors of -4 + r - (-404 + 0 + 2)?
2, 3, 11
Let f = 114 - 111. Suppose 3*a = 3*o + 810, f*o = -a + 5*a - 1079. Let m = a + -88. List the prime factors of m.
181
Let a(t) = -t**3 - 9*t**2 + 9*t - 7. Let n be a(-10). Let l(q) = -2*q - q + 2*q + n + 16*q. What are the prime factors of l(1)?
2, 3
Suppose -11*t + 2927 = -7556. Let q = -357 + t. What are the prime factors of q?
2, 149
Let h be 16*((-26)/8 + 4). Suppose h = -i + 31. What are the prime factors of (-6 + i)/(2/18)?
3, 13
Suppose 3*d - 14149 = 4*r, 18*r - 15*r = -12. What are the prime factors of d?
7, 673
Suppose -3 = z - 5. Let j be (-3)/2*((-8)/6 + z). Let g(n) = -95*n**3 - 2*n**2 + n. List the prime factors of g(j).
2, 23
Suppose b - 2*k - 8009 = -1667, 4*k + 19038 = 3*b. What are the prime factors of b?
2, 3, 353
Suppose -7*j + 2*j - 5 = 0. Let a(y) be the third derivative of 2*y**5 - y**3/6 + 2*y**2. List the prime factors of a(j).
7, 17
Let n(v) = -195*v + 3*v**2 - 20 + 76 + 143*v. What are the prime factors of n(20)?
2, 3
List the prime factors of 902103/81 - (-40)/(-540).
7, 37, 43
What are the prime factors of ((-516)/(-14))/((-3848)/(-546) + -7)?
2, 3, 43
Suppose 4*w + 5*u - 3*u - 92 = 0, 2*w - 54 = -3*u. Suppose w*n = 19*n + 1590. Suppose -3*j - i = 2*i - n, 253 = j - 3*i. List the prime factors of j.
2, 131
Suppose -8*d = -d - 14. Suppose 3 = -2*v - 3*c, -d*v + 5*v - 21 = 4*c. Suppose 5*b = 3*s - s - 341, -v = b. What are the prime factors of s?
163
Let x be (-4)/((-2)/81*-1). Suppose -4*y - 6*d + 1132 = -4*d, 3*d - 846 = -3*y. Let b = x + y. What are the prime factors of b?
2, 61
Let d(o) = -2568*o + 1808. List the prime factors of d(-4).
2, 5, 151
Let h(u) = -1855*u**2 + 929*u**2 + 5 + 5 - 4*u + 927*u**2. Suppose 3*f = 27 + 9. What are the prime factors of h(f)?
2, 53
Let r = -694 - -764. List the prime factors of (5 + 3514/r)*25/2.
2, 3, 5, 23
Let v(i) = 9*i + 16. Let w be v(-18). Let o = w - -547. What are the prime factors of o?
401
Suppose -3*g + 6 = g + 5*x, -4*g = x - 14. Let t(o) = 6 - 19 - 20 + 17*o + g. List the prime factors of t(5).
2, 7
Suppose 2*a + k = 9720, -11*a = -14*a + 5*k + 14567. What are the prime factors of a?
43, 113
Suppose -1970 = -2*r + 4*t, -t - 3*t = 16. Let d = r + -466. List the prime factors of d.
7, 73
Suppose 5*g - 20 = 5. Suppose -g*c = 3*c. Suppose -4*k - 5*t - 8 + 82 = c, -k - 5*t = -11. What are the prime factors of k?
3, 7
Let k be (6 - (-68)/(-12))/(1/18). Let r(h) be the third derivative of h**6/60 - 2*h**5/15 + h**4/12 - 11*h**3/6 + 9*h**2. List the prime factors of r(k).
5, 29
Let h = 67 + -67. Suppose 5*q + 14 = 2*s + s, 4*q + 14 = s. What are the prime factors of 10 + (q - -5) - h/(-1)?
11
Suppose 5*a - 29 = -3*m, 2*m - 22 = -m + 2*a. Suppose u + 924 = m*u. List the prime factors of u.
2, 3, 11
Let y(i) = 83*i**3 - 2*i**2 + i. Let w be y(1). Suppose 4*x - w = -2*g + 6*x, 29 = g - 5*x. List the prime factors of g.
2, 11
Let l(f) = f**3 + 8*f**2 + 8*f + 3. Let o be l(-7). Suppose 0 = -36*j - 38*j + 82*j - 32. List the prime factors of 3 - (j 